{"id":9,"date":"2017-09-28T14:25:18","date_gmt":"2017-09-28T14:25:18","guid":{"rendered":"https:\/\/blogowisko.com.pl\/?page_id=9"},"modified":"2025-02-24T12:20:27","modified_gmt":"2025-02-24T12:20:27","slug":"kontakt","status":"publish","type":"page","link":"https:\/\/blogowisko.com.pl\/?page_id=9","title":{"rendered":"Kontakt"},"content":{"rendered":"<p>Chcesz si\u0119 ze mn\u0105 skontaktowa\u0107? Mo\u017cesz to zrobi\u0107 mailowo. Zawsze staram si\u0119 odpowiada\u0107, nie mniej nie zawsze mam mo\u017cliwo\u015b\u0107 by zrobi\u0107 to natychmiast, jednak z g\u00f3ry zaznaczam, \u017ce na maile wulgarne i chamskie po prostu nie odpisuje<\/p>\n<p>Klikni\u0119cie w poni\u017cszy link spowoduje przekierowanie do programu pocztowego z wpisanym adresem odbiorczym<\/p>\n<p>Prawid\u0142owy i aktualny adres b\u0119dzie podany w najbli\u017cszej przysz\u0142o\u015bci<\/p>\n","protected":false},"excerpt":{"rendered":"<p>Chcesz si\u0119 ze mn\u0105 skontaktowa\u0107? Mo\u017cesz to zrobi\u0107 mailowo. Zawsze staram si\u0119 odpowiada\u0107, nie mniej nie zawsze mam mo\u017cliwo\u015b\u0107 by zrobi\u0107 to natychmiast, jednak z g\u00f3ry zaznaczam, \u017ce na maile wulgarne i chamskie po prostu nie odpisuje Klikni\u0119cie w poni\u017cszy link spowoduje przekierowanie do programu pocztowego z wpisanym adresem odbiorczym Prawid\u0142owy i aktualny adres b\u0119dzie &hellip; <a href=\"https:\/\/blogowisko.com.pl\/?page_id=9\" class=\"more-link\">Czytaj dalej<span class=\"screen-reader-text\"> \u201eKontakt\u201d<\/span><\/a><\/p>\n","protected":false},"author":1,"featured_media":265,"parent":0,"menu_order":3,"comment_status":"closed","ping_status":"closed","template":"","meta":{"footnotes":""},"class_list":["post-9","page","type-page","status-publish","has-post-thumbnail","hentry"],"aioseo_notices":[],"_links":{"self":[{"href":"https:\/\/blogowisko.com.pl\/index.php?rest_route=\/wp\/v2\/pages\/9","targetHints":{"allow":["GET"]}}],"collection":[{"href":"https:\/\/blogowisko.com.pl\/index.php?rest_route=\/wp\/v2\/pages"}],"about":[{"href":"https:\/\/blogowisko.com.pl\/index.php?rest_route=\/wp\/v2\/types\/page"}],"author":[{"embeddable":true,"href":"https:\/\/blogowisko.com.pl\/index.php?rest_route=\/wp\/v2\/users\/1"}],"replies":[{"embeddable":true,"href":"https:\/\/blogowisko.com.pl\/index.php?rest_route=%2Fwp%2Fv2%2Fcomments&post=9"}],"version-history":[{"count":7,"href":"https:\/\/blogowisko.com.pl\/index.php?rest_route=\/wp\/v2\/pages\/9\/revisions"}],"predecessor-version":[{"id":376,"href":"https:\/\/blogowisko.com.pl\/index.php?rest_route=\/wp\/v2\/pages\/9\/revisions\/376"}],"wp:featuredmedia":[{"embeddable":true,"href":"https:\/\/blogowisko.com.pl\/index.php?rest_route=\/wp\/v2\/media\/265"}],"wp:attachment":[{"href":"https:\/\/blogowisko.com.pl\/index.php?rest_route=%2Fwp%2Fv2%2Fmedia&parent=9"}],"curies":[{"name":"wp","href":"https:\/\/api.w.org\/{rel}","templated":true}]}}